{"id":183,"date":"2022-09-14T20:10:41","date_gmt":"2022-09-14T18:10:41","guid":{"rendered":"https:\/\/cdpetanque47.fr\/?page_id=183"},"modified":"2022-09-14T20:13:26","modified_gmt":"2022-09-14T18:13:26","slug":"183-2","status":"publish","type":"page","link":"https:\/\/cdpetanque47.fr\/index.php\/183-2\/","title":{"rendered":""},"content":{"rendered":"\n<figure class=\"wp-block-image size-full is-resized\"><img loading=\"lazy\" decoding=\"async\" src=\"https:\/\/cdpetanque47.fr\/prevotj@orange.fr\/wp-content\/uploads\/2022\/09\/bienvenue.gif\" alt=\"\" class=\"wp-image-206\" width=\"1137\" height=\"494\"\/><\/figure>\n\n\n<div class=\"wp-block-image\">\n<figure class=\"aligncenter size-full is-resized\"><img loading=\"lazy\" decoding=\"async\" src=\"https:\/\/cdpetanque47.fr\/prevotj@orange.fr\/wp-content\/uploads\/2022\/09\/images20.png\" alt=\"\" class=\"wp-image-204\" width=\"495\" height=\"231\"\/><\/figure>\n<\/div>\n\n\n<p class=\"has-black-color has-vivid-cyan-blue-background-color has-text-color has-background has-large-font-size\"><strong><em>CHAMPION CDC VETERANS 1\u00e8re DIVISION CLUB DE SAMAZAN<\/em><\/strong><\/p>\n\n\n\n<figure class=\"wp-block-image size-large is-resized is-style-rounded\"><img loading=\"lazy\" decoding=\"async\" src=\"https:\/\/cdpetanque47.fr\/prevotj@orange.fr\/wp-content\/uploads\/2022\/09\/DSC06507-1024x768.jpg\" alt=\"\" class=\"wp-image-184\" width=\"1140\" height=\"855\" srcset=\"https:\/\/cdpetanque47.fr\/prevotj@orange.fr\/wp-content\/uploads\/2022\/09\/DSC06507-1024x768.jpg 1024w, https:\/\/cdpetanque47.fr\/prevotj@orange.fr\/wp-content\/uploads\/2022\/09\/DSC06507-300x225.jpg 300w, https:\/\/cdpetanque47.fr\/prevotj@orange.fr\/wp-content\/uploads\/2022\/09\/DSC06507-768x576.jpg 768w, https:\/\/cdpetanque47.fr\/prevotj@orange.fr\/wp-content\/uploads\/2022\/09\/DSC06507-1536x1152.jpg 1536w, https:\/\/cdpetanque47.fr\/prevotj@orange.fr\/wp-content\/uploads\/2022\/09\/DSC06507-2048x1536.jpg 2048w\" sizes=\"auto, (max-width: 1140px) 100vw, 1140px\" \/><\/figure>\n\n\n\n<p class=\"has-vivid-green-cyan-background-color has-background has-large-font-size\"><strong><em>CHAMPION CDC VETERANS 2\u00e8me DIVISION CLUB DE TRENTELS<\/em><\/strong><\/p>\n\n\n\n<figure class=\"wp-block-image size-large is-resized is-style-rounded\"><img loading=\"lazy\" decoding=\"async\" src=\"https:\/\/cdpetanque47.fr\/prevotj@orange.fr\/wp-content\/uploads\/2022\/09\/DSC06511-1-1024x768.jpg\" alt=\"\" class=\"wp-image-186\" width=\"1140\" height=\"855\" srcset=\"https:\/\/cdpetanque47.fr\/prevotj@orange.fr\/wp-content\/uploads\/2022\/09\/DSC06511-1-1024x768.jpg 1024w, https:\/\/cdpetanque47.fr\/prevotj@orange.fr\/wp-content\/uploads\/2022\/09\/DSC06511-1-300x225.jpg 300w, https:\/\/cdpetanque47.fr\/prevotj@orange.fr\/wp-content\/uploads\/2022\/09\/DSC06511-1-768x576.jpg 768w, https:\/\/cdpetanque47.fr\/prevotj@orange.fr\/wp-content\/uploads\/2022\/09\/DSC06511-1-1536x1152.jpg 1536w, https:\/\/cdpetanque47.fr\/prevotj@orange.fr\/wp-content\/uploads\/2022\/09\/DSC06511-1-2048x1536.jpg 2048w\" sizes=\"auto, (max-width: 1140px) 100vw, 1140px\" \/><\/figure>\n\n\n\n<figure class=\"wp-block-image alignwide size-medium\"><img loading=\"lazy\" decoding=\"async\" width=\"300\" height=\"49\" src=\"https:\/\/cdpetanque47.fr\/prevotj@orange.fr\/wp-content\/uploads\/2022\/09\/QGqK-hT4c9WZM1xXdGr6ZLmIFUo-300x49.gif\" alt=\"\" class=\"wp-image-187\" srcset=\"https:\/\/cdpetanque47.fr\/prevotj@orange.fr\/wp-content\/uploads\/2022\/09\/QGqK-hT4c9WZM1xXdGr6ZLmIFUo-300x49.gif 300w, https:\/\/cdpetanque47.fr\/prevotj@orange.fr\/wp-content\/uploads\/2022\/09\/QGqK-hT4c9WZM1xXdGr6ZLmIFUo-392x65.gif 392w, https:\/\/cdpetanque47.fr\/prevotj@orange.fr\/wp-content\/uploads\/2022\/09\/QGqK-hT4c9WZM1xXdGr6ZLmIFUo-390x65.gif 390w\" sizes=\"auto, (max-width: 300px) 100vw, 300px\" \/><\/figure>\n\n\n\n<figure class=\"wp-block-gallery has-nested-images columns-default is-cropped wp-block-gallery-1 is-layout-flex wp-block-gallery-is-layout-flex\">\n<figure class=\"wp-block-image size-large is-style-rounded\"><img loading=\"lazy\" decoding=\"async\" width=\"1024\" height=\"768\" data-id=\"188\" src=\"https:\/\/cdpetanque47.fr\/prevotj@orange.fr\/wp-content\/uploads\/2022\/09\/DSC06494-1024x768.jpg\" alt=\"\" class=\"wp-image-188\" srcset=\"https:\/\/cdpetanque47.fr\/prevotj@orange.fr\/wp-content\/uploads\/2022\/09\/DSC06494-1024x768.jpg 1024w, https:\/\/cdpetanque47.fr\/prevotj@orange.fr\/wp-content\/uploads\/2022\/09\/DSC06494-300x225.jpg 300w, https:\/\/cdpetanque47.fr\/prevotj@orange.fr\/wp-content\/uploads\/2022\/09\/DSC06494-768x576.jpg 768w, https:\/\/cdpetanque47.fr\/prevotj@orange.fr\/wp-content\/uploads\/2022\/09\/DSC06494-1536x1152.jpg 1536w, https:\/\/cdpetanque47.fr\/prevotj@orange.fr\/wp-content\/uploads\/2022\/09\/DSC06494-2048x1536.jpg 2048w\" sizes=\"auto, (max-width: 1024px) 100vw, 1024px\" \/><figcaption><strong>PENNE SAINT SYLVESTRE<\/strong><\/figcaption><\/figure>\n\n\n\n<figure class=\"wp-block-image size-large is-style-rounded\"><img loading=\"lazy\" decoding=\"async\" width=\"1024\" height=\"768\" data-id=\"196\" src=\"https:\/\/cdpetanque47.fr\/prevotj@orange.fr\/wp-content\/uploads\/2022\/09\/DSC06495-1-1024x768.jpg\" alt=\"\" class=\"wp-image-196\" srcset=\"https:\/\/cdpetanque47.fr\/prevotj@orange.fr\/wp-content\/uploads\/2022\/09\/DSC06495-1-1024x768.jpg 1024w, https:\/\/cdpetanque47.fr\/prevotj@orange.fr\/wp-content\/uploads\/2022\/09\/DSC06495-1-300x225.jpg 300w, https:\/\/cdpetanque47.fr\/prevotj@orange.fr\/wp-content\/uploads\/2022\/09\/DSC06495-1-768x576.jpg 768w, https:\/\/cdpetanque47.fr\/prevotj@orange.fr\/wp-content\/uploads\/2022\/09\/DSC06495-1-1536x1152.jpg 1536w, https:\/\/cdpetanque47.fr\/prevotj@orange.fr\/wp-content\/uploads\/2022\/09\/DSC06495-1-2048x1536.jpg 2048w\" sizes=\"auto, (max-width: 1024px) 100vw, 1024px\" \/><figcaption><strong>SAINT AUBIN<\/strong><\/figcaption><\/figure>\n\n\n\n<figure class=\"wp-block-image size-large is-style-rounded\"><img loading=\"lazy\" decoding=\"async\" width=\"1024\" height=\"768\" data-id=\"195\" src=\"https:\/\/cdpetanque47.fr\/prevotj@orange.fr\/wp-content\/uploads\/2022\/09\/DSC06496-1024x768.jpg\" alt=\"\" class=\"wp-image-195\" srcset=\"https:\/\/cdpetanque47.fr\/prevotj@orange.fr\/wp-content\/uploads\/2022\/09\/DSC06496-1024x768.jpg 1024w, https:\/\/cdpetanque47.fr\/prevotj@orange.fr\/wp-content\/uploads\/2022\/09\/DSC06496-300x225.jpg 300w, https:\/\/cdpetanque47.fr\/prevotj@orange.fr\/wp-content\/uploads\/2022\/09\/DSC06496-768x576.jpg 768w, https:\/\/cdpetanque47.fr\/prevotj@orange.fr\/wp-content\/uploads\/2022\/09\/DSC06496-1536x1152.jpg 1536w, https:\/\/cdpetanque47.fr\/prevotj@orange.fr\/wp-content\/uploads\/2022\/09\/DSC06496-2048x1536.jpg 2048w\" sizes=\"auto, (max-width: 1024px) 100vw, 1024px\" \/><figcaption><strong>TRENTELS<\/strong><\/figcaption><\/figure>\n\n\n\n<figure class=\"wp-block-image size-large is-style-rounded\"><img loading=\"lazy\" decoding=\"async\" width=\"1024\" height=\"768\" data-id=\"197\" src=\"https:\/\/cdpetanque47.fr\/prevotj@orange.fr\/wp-content\/uploads\/2022\/09\/DSC06497-1-1024x768.jpg\" alt=\"\" class=\"wp-image-197\" srcset=\"https:\/\/cdpetanque47.fr\/prevotj@orange.fr\/wp-content\/uploads\/2022\/09\/DSC06497-1-1024x768.jpg 1024w, https:\/\/cdpetanque47.fr\/prevotj@orange.fr\/wp-content\/uploads\/2022\/09\/DSC06497-1-300x225.jpg 300w, https:\/\/cdpetanque47.fr\/prevotj@orange.fr\/wp-content\/uploads\/2022\/09\/DSC06497-1-768x576.jpg 768w, https:\/\/cdpetanque47.fr\/prevotj@orange.fr\/wp-content\/uploads\/2022\/09\/DSC06497-1-1536x1152.jpg 1536w, https:\/\/cdpetanque47.fr\/prevotj@orange.fr\/wp-content\/uploads\/2022\/09\/DSC06497-1-2048x1536.jpg 2048w\" sizes=\"auto, (max-width: 1024px) 100vw, 1024px\" \/><figcaption><strong>SAMAZAN<\/strong><\/figcaption><\/figure>\n\n\n\n<figure class=\"wp-block-image size-large is-style-rounded\"><img loading=\"lazy\" decoding=\"async\" width=\"1024\" height=\"768\" data-id=\"198\" src=\"https:\/\/cdpetanque47.fr\/prevotj@orange.fr\/wp-content\/uploads\/2022\/09\/DSC06498-1-1024x768.jpg\" alt=\"\" class=\"wp-image-198\" srcset=\"https:\/\/cdpetanque47.fr\/prevotj@orange.fr\/wp-content\/uploads\/2022\/09\/DSC06498-1-1024x768.jpg 1024w, https:\/\/cdpetanque47.fr\/prevotj@orange.fr\/wp-content\/uploads\/2022\/09\/DSC06498-1-300x225.jpg 300w, https:\/\/cdpetanque47.fr\/prevotj@orange.fr\/wp-content\/uploads\/2022\/09\/DSC06498-1-768x576.jpg 768w, https:\/\/cdpetanque47.fr\/prevotj@orange.fr\/wp-content\/uploads\/2022\/09\/DSC06498-1-1536x1152.jpg 1536w, https:\/\/cdpetanque47.fr\/prevotj@orange.fr\/wp-content\/uploads\/2022\/09\/DSC06498-1-2048x1536.jpg 2048w\" sizes=\"auto, (max-width: 1024px) 100vw, 1024px\" \/><figcaption><strong>SAINTE LIVRADE<\/strong><\/figcaption><\/figure>\n\n\n\n<figure class=\"wp-block-image size-large is-style-rounded\"><img loading=\"lazy\" decoding=\"async\" width=\"1024\" height=\"768\" data-id=\"199\" src=\"https:\/\/cdpetanque47.fr\/prevotj@orange.fr\/wp-content\/uploads\/2022\/09\/DSC06499-1-1024x768.jpg\" alt=\"\" class=\"wp-image-199\" srcset=\"https:\/\/cdpetanque47.fr\/prevotj@orange.fr\/wp-content\/uploads\/2022\/09\/DSC06499-1-1024x768.jpg 1024w, https:\/\/cdpetanque47.fr\/prevotj@orange.fr\/wp-content\/uploads\/2022\/09\/DSC06499-1-300x225.jpg 300w, https:\/\/cdpetanque47.fr\/prevotj@orange.fr\/wp-content\/uploads\/2022\/09\/DSC06499-1-768x576.jpg 768w, https:\/\/cdpetanque47.fr\/prevotj@orange.fr\/wp-content\/uploads\/2022\/09\/DSC06499-1-1536x1152.jpg 1536w, https:\/\/cdpetanque47.fr\/prevotj@orange.fr\/wp-content\/uploads\/2022\/09\/DSC06499-1-2048x1536.jpg 2048w\" sizes=\"auto, (max-width: 1024px) 100vw, 1024px\" \/><figcaption><strong>VILLEREAL<\/strong><\/figcaption><\/figure>\n\n\n\n<figure class=\"wp-block-image size-large is-style-rounded\"><img loading=\"lazy\" decoding=\"async\" width=\"1024\" height=\"768\" data-id=\"200\" src=\"https:\/\/cdpetanque47.fr\/prevotj@orange.fr\/wp-content\/uploads\/2022\/09\/DSC06501-1-1024x768.jpg\" alt=\"\" class=\"wp-image-200\" srcset=\"https:\/\/cdpetanque47.fr\/prevotj@orange.fr\/wp-content\/uploads\/2022\/09\/DSC06501-1-1024x768.jpg 1024w, https:\/\/cdpetanque47.fr\/prevotj@orange.fr\/wp-content\/uploads\/2022\/09\/DSC06501-1-300x225.jpg 300w, https:\/\/cdpetanque47.fr\/prevotj@orange.fr\/wp-content\/uploads\/2022\/09\/DSC06501-1-768x576.jpg 768w, https:\/\/cdpetanque47.fr\/prevotj@orange.fr\/wp-content\/uploads\/2022\/09\/DSC06501-1-1536x1152.jpg 1536w, https:\/\/cdpetanque47.fr\/prevotj@orange.fr\/wp-content\/uploads\/2022\/09\/DSC06501-1-2048x1536.jpg 2048w\" sizes=\"auto, (max-width: 1024px) 100vw, 1024px\" \/><figcaption><strong>BOE<\/strong><\/figcaption><\/figure>\n\n\n\n<figure class=\"wp-block-image size-large is-style-rounded\"><img loading=\"lazy\" decoding=\"async\" width=\"1024\" height=\"768\" data-id=\"201\" src=\"https:\/\/cdpetanque47.fr\/prevotj@orange.fr\/wp-content\/uploads\/2022\/09\/DSC06502-1-1024x768.jpg\" alt=\"\" class=\"wp-image-201\" srcset=\"https:\/\/cdpetanque47.fr\/prevotj@orange.fr\/wp-content\/uploads\/2022\/09\/DSC06502-1-1024x768.jpg 1024w, https:\/\/cdpetanque47.fr\/prevotj@orange.fr\/wp-content\/uploads\/2022\/09\/DSC06502-1-300x225.jpg 300w, https:\/\/cdpetanque47.fr\/prevotj@orange.fr\/wp-content\/uploads\/2022\/09\/DSC06502-1-768x576.jpg 768w, https:\/\/cdpetanque47.fr\/prevotj@orange.fr\/wp-content\/uploads\/2022\/09\/DSC06502-1-1536x1152.jpg 1536w, https:\/\/cdpetanque47.fr\/prevotj@orange.fr\/wp-content\/uploads\/2022\/09\/DSC06502-1-2048x1536.jpg 2048w\" sizes=\"auto, (max-width: 1024px) 100vw, 1024px\" \/><figcaption><strong>LAYRAC<\/strong><\/figcaption><\/figure>\n<\/figure>\n\n\n\n<p class=\"has-text-align-center has-large-font-size\">                  <strong>VICE-CHAMPIONS CDC VETERANS 1\u00e8re DIVISION   <\/strong>                                                                                             <strong>  <\/strong><\/p>\n\n\n\n<figure class=\"wp-block-gallery has-nested-images columns-default is-cropped wp-block-gallery-2 is-layout-flex wp-block-gallery-is-layout-flex\">\n<figure class=\"wp-block-image size-large is-style-rounded\"><img loading=\"lazy\" decoding=\"async\" width=\"1024\" height=\"768\" data-id=\"202\" src=\"https:\/\/cdpetanque47.fr\/prevotj@orange.fr\/wp-content\/uploads\/2022\/09\/DSC06504-1024x768.jpg\" alt=\"\" class=\"wp-image-202\" srcset=\"https:\/\/cdpetanque47.fr\/prevotj@orange.fr\/wp-content\/uploads\/2022\/09\/DSC06504-1024x768.jpg 1024w, https:\/\/cdpetanque47.fr\/prevotj@orange.fr\/wp-content\/uploads\/2022\/09\/DSC06504-300x225.jpg 300w, https:\/\/cdpetanque47.fr\/prevotj@orange.fr\/wp-content\/uploads\/2022\/09\/DSC06504-768x576.jpg 768w, https:\/\/cdpetanque47.fr\/prevotj@orange.fr\/wp-content\/uploads\/2022\/09\/DSC06504-1536x1152.jpg 1536w, https:\/\/cdpetanque47.fr\/prevotj@orange.fr\/wp-content\/uploads\/2022\/09\/DSC06504-2048x1536.jpg 2048w\" sizes=\"auto, (max-width: 1024px) 100vw, 1024px\" \/><figcaption><strong>VILLEREAL<\/strong><\/figcaption><\/figure>\n<\/figure>\n\n\n\n<p class=\"has-text-align-center has-large-font-size\"><strong>VICE-CHAMPION CDC VETERANS 2\u00e8me DIVISION<\/strong><\/p>\n\n\n\n<figure class=\"wp-block-image size-large is-resized is-style-rounded\"><img loading=\"lazy\" decoding=\"async\" src=\"https:\/\/cdpetanque47.fr\/prevotj@orange.fr\/wp-content\/uploads\/2022\/09\/DSC06510-1024x768.jpg\" alt=\"\" class=\"wp-image-203\" width=\"1141\" height=\"856\" srcset=\"https:\/\/cdpetanque47.fr\/prevotj@orange.fr\/wp-content\/uploads\/2022\/09\/DSC06510-1024x768.jpg 1024w, https:\/\/cdpetanque47.fr\/prevotj@orange.fr\/wp-content\/uploads\/2022\/09\/DSC06510-300x225.jpg 300w, https:\/\/cdpetanque47.fr\/prevotj@orange.fr\/wp-content\/uploads\/2022\/09\/DSC06510-768x576.jpg 768w, https:\/\/cdpetanque47.fr\/prevotj@orange.fr\/wp-content\/uploads\/2022\/09\/DSC06510-1536x1152.jpg 1536w, https:\/\/cdpetanque47.fr\/prevotj@orange.fr\/wp-content\/uploads\/2022\/09\/DSC06510-2048x1536.jpg 2048w\" sizes=\"auto, (max-width: 1141px) 100vw, 1141px\" \/><figcaption><strong>PENNE SAINT SYLVESTRE<\/strong><\/figcaption><\/figure>\n\n\n\n<figure class=\"wp-block-image size-full is-resized\"><img loading=\"lazy\" decoding=\"async\" src=\"https:\/\/cdpetanque47.fr\/prevotj@orange.fr\/wp-content\/uploads\/2022\/09\/5qns4n01.gif\" alt=\"\" class=\"wp-image-205\" width=\"1138\" height=\"225\"\/><\/figure>\n","protected":false},"excerpt":{"rendered":"<p>CHAMPION CDC VETERANS 1\u00e8re DIVISION CLUB DE SAMAZAN CHAMPION CDC VETERANS 2\u00e8me DIVISION CLUB DE TRENTELS VICE-CHAMPIONS CDC VETERANS 1\u00e8re<\/p>\n","protected":false},"author":1,"featured_media":0,"parent":0,"menu_order":0,"comment_status":"closed","ping_status":"closed","template":"","meta":{"footnotes":""},"class_list":["post-183","page","type-page","status-publish","hentry"],"_links":{"self":[{"href":"https:\/\/cdpetanque47.fr\/index.php\/wp-json\/wp\/v2\/pages\/183","targetHints":{"allow":["GET"]}}],"collection":[{"href":"https:\/\/cdpetanque47.fr\/index.php\/wp-json\/wp\/v2\/pages"}],"about":[{"href":"https:\/\/cdpetanque47.fr\/index.php\/wp-json\/wp\/v2\/types\/page"}],"author":[{"embeddable":true,"href":"https:\/\/cdpetanque47.fr\/index.php\/wp-json\/wp\/v2\/users\/1"}],"replies":[{"embeddable":true,"href":"https:\/\/cdpetanque47.fr\/index.php\/wp-json\/wp\/v2\/comments?post=183"}],"version-history":[{"count":2,"href":"https:\/\/cdpetanque47.fr\/index.php\/wp-json\/wp\/v2\/pages\/183\/revisions"}],"predecessor-version":[{"id":209,"href":"https:\/\/cdpetanque47.fr\/index.php\/wp-json\/wp\/v2\/pages\/183\/revisions\/209"}],"wp:attachment":[{"href":"https:\/\/cdpetanque47.fr\/index.php\/wp-json\/wp\/v2\/media?parent=183"}],"curies":[{"name":"wp","href":"https:\/\/api.w.org\/{rel}","templated":true}]}}